0 - -1?
1110101111010011111001001001
In base 7, what is 1566 + -1552?
14
In base 16, what is 2cbe - cd0?
1fee
In base 6, what is -3 - 313043405?
-313043412
In base 11, what is 6a9 - -5512?
6110
In base 11, what is -a13a234 + -5?
-a13a239
In base 9, what is 110860750 + 0?
110860750
In base 5, what is 3244111312 - -144?
3244112011
In base 16, what is 2 - -448d53?
448d55
In base 14, what is -d4d1d - 342?
-d5261
In base 3, what is 2210120020 - 122122220?
2010220100
In base 8, what is 154724070 + -13?
154724055
In base 5, what is -30313102324 + 3?
-30313102321
In base 3, what is -202211102011 - -122012?
-202210202222
In base 15, what is -205a2e9 + 4?
-205a2e5
In base 9, what is -876 + -32714?
-33701
In base 3, what is -22 - 210010112200201?
-210010112201000
In base 15, what is 35e3719 - 2?
35e3717
In base 10, what is -5 + -15302?
-15307
In base 2, what is 0 - -1110101011101111010?
1110101011101111010
In base 2, what is -1111111 + 101110010001100?
101110000001101
In base 5, what is -2 + -223244430131?
-223244430133
In base 3, what is 11100 - -210210222110?
210211010210
In base 9, what is -3 + 41418446?
41418443
In base 11, what is 6a2538 - 18?
6a2520
In base 5, what is 111123010 + 11424?
111134434
In base 5, what is -4 + -344223323?
-344223332
In base 14, what is 3b - 10b12?
-10ab5
In base 6, what is 42530 + 10501?
53431
In base 9, what is -12166 - 27384?
-40561
In base 6, what is 155 + -120052202?
-120052003
In base 2, what is 1011011111010011110100101110 + 101?
1011011111010011110100110011
In base 6, what is -1533 - 12041433?
-12043410
In base 16, what is 8c6e68 - 3?
8c6e65
In base 10, what is 33701 + -6965?
26736
In base 6, what is 53 + 534100055?
534100152
In base 9, what is -1 - -32457167?
32457166
In base 14, what is 2ad56 + -c12?
2a144
In base 15, what is 2698 - -13ba4?
1634c
In base 12, what is -1241b0 + 29?
-124183
In base 5, what is -1013 - 1112100?
-1113113
In base 11, what is 2 - -4a14394?
4a14396
In base 13, what is -39a61bb - 1?
-39a61bc
In base 2, what is 100001010001010100010 + 1011111100?
100001010010110011110
In base 15, what is 3c26233 - 3?
3c26230
In base 8, what is -2 - 31565073?
-31565075
In base 13, what is -5ac4 + -483?
-6277
In base 2, what is -10 - -1000011011101000000110?
1000011011101000000100
In base 14, what is -2 + -b07a22?
-b07a24
In base 15, what is 65a057 - -c?
65a064
In base 11, what is -224 + -56300?
-56524
In base 16, what is 17 + -7d67?
-7d50
In base 12, what is -11835 + 747?
-110aa
In base 16, what is 68f4993 + -5?
68f498e
In base 5, what is -1 - -112430434101?
112430434100
In base 14, what is 3971a2 + -22?
397180
In base 12, what is -4bbb + -9513?
-12512
In base 3, what is -11202010120 - 1001021?
-11210011211
In base 13, what is -2a1c - -615?
-2407
In base 14, what is -11c6 + 676bd?
664d7
In base 8, what is 4 + -37144706?
-37144702
In base 8, what is 0 - -6051634?
6051634
In base 6, what is 3 - -25002413?
25002420
In base 11, what is 60 - 194710?
-194660
In base 4, what is 333 - -33301313203?
33301320202
In base 6, what is -2 + -5452245?
-5452251
In base 11, what is -3a6 - -9004?
8709
In base 3, what is 220212122111012002 - 12?
220212122111011220
In base 7, what is 22 - -113116622?
113116644
In base 10, what is 94 + 544735?
544829
In base 16, what is 4ba - f67a?
-f1c0
In base 10, what is -215214345 + 1?
-215214344
In base 5, what is 12201212 - 302300?
11343412
In base 2, what is 1101000001 + 111001110001001010011?
111001110010110010100
In base 16, what is -6 - -395eb1?
395eab
In base 11, what is -154615 - 55?
-15466a
In base 10, what is 7 + -23639261?
-23639254
In base 15, what is 1 - -353745b?
353745c
In base 4, what is 110233 + 3310330?
10021223
In base 3, what is 202 + -10101121201022?
-10101121200120
In base 13, what is 3 - -39b2554?
39b2557
In base 16, what is -58f + 4000?
3a71
In base 9, what is -275 + 14834?
14548
In base 7, what is -52413624 - -1?
-52413623
In base 3, what is 200202200 + 2210022200?
10111002100
In base 4, what is -11310202103 - 3?
-11310202112
In base 2, what is -1 + 1110101110011001111100000?
1110101110011001111011111
In base 16, what is 2 - 6cf84c9?
-6cf84c7
In base 12, what is -b43aa + -2?
-b43b0
In base 14, what is -3d - 241765?
-2417a4
In base 15, what is 4 + -496c1?
-496bc
In base 2, what is -100000111100100101 + 101001010?
-100000110111011011
In base 6, what is -13352002 + -140?
-13352142
In base 16, what is c + 15d08?
15d14
In base 6, what is 2 + 3324533123?
3324533125
In base 8, what is 130 - 1755314?
-1755164
In base 4, what is 1012023232 + -302?
1012022330
In base 6, what is 13524 + 51425?
105353
In base 16, what is -5 + 120066?
120061
In base 10, what is -33 + 24067?
24034
In base 6, what is 4 + -520234231?
-520234223
In base 15, what is 625e2b + 26?
625e52
In base 3, what is 11 + 1111020122021010?
1111020122021021
In base 13, what is 5 + 81c4b7?
81c4bc
In base 13, what is 4 - -479aa67c?
479aa683
In base 13, what is -20 - -82156b?
82154b
In base 13, what is -262364 - -164?
-262200
In base 7, what is -2436663 - -405?
-2436255
In base 4, what is 10 - -332021031101?
332021031111
In base 11, what is -54037294 - -4?
-54037290
In base 9, what is -104453241 - -4?
-104453236
In base 7, what is -465 - 36220?
-40015
In base 13, what is 4290b0 - 14?
429099
In base 13, what is b + 38b0c?
38b1a
In base 5, what is 12024 + 2441411?
3003440
In base 6, what is 32 - -1413410?
1413442
In base 7, what is 1 - -130100334?
130100335
In base 11, what is 9572995 - -5?
957299a
In base 10, what is 10 - 5528843?
-5528833
In base 5, what is -131 - -142341331?
142341200
In base 8, what is 5171233 - -35?
5171270
In base 4, what is -22303 + 22003?
-300
In base 3, what is 112111000 + 12112101?
202000101
In base 11, what is -632aa0 + 8?
-632a93
In base 3, what is -1100202121001 + -211?
-1100202121212
In base 6, what is -5 - 5453514033?
-5453514042
In base 12, what is 3a + -50ab73?
-50ab35
In base 3, what is 1201022020000 + -10112111?
1201011200112
In base 3, what is 2 - 100011022012022?
-100011022012020
In base 15, what is -9e3bac + 4?
-9e3ba8
In base 15, what is 38c9 + 6992?
a36b
In base 6, what is -5 + -4351121430?
-4351121435
In base 11, what is -140 + 4128a5?
412765
In base 5, what is 2200311230413 + 4?
2200311230422
In base 5, what is 2230 - -41342?
44122
In base 5, what is 110210 + -2043314?
-1433104
In base 8, what is -13464 - 15770?
-31454
In base 9, what is 4272 + -2878?
1283
In base 11, what is 1a75005 - -5?
1a7500a
In base 8, what is -13063 + -2520?
-15603
In base 8, what is 40 + 42620427?
42620467
In base 7, what is 150 - -102156401?
102156551
In base 3, what is 200101012112 + 200?
200101020012
In base 4, what is 113201 - 120012?
-211
In base 16, what is b4765 + 1?
b4766
In base 2, what is 1 - -1101011000010010110011001101?
1101011000010010110011001110
In base 15, what is -538 - 13bd?
-1906
In base 2, what is 111100011 - -10100000011110100?
10100001011010111
In base 16, what is 3 - -8667af?
8667b2
In base 14, what is -1253828 - -5?
-1253823
In base 3, what is 110010021002222 + 11?
110010021010010
In base 2, what is 110000011111010001 + -11100?
110000011110110101
In base 13, what is 44 + -52340?
-522c9
In base 2, what is 111101010000110 + 110011100?
111110000100010
In base 5, what is 3303212 - -41023?
3344240
In base 16, what is -1562b5 - 2?
-1562b7
In base 16, what is -4045 - 4ae?
-44f3
In base 11, what is -6a78 - -4359?
-271a
In base 14, what is -94 + 71d0d?
71c59
In base 11, what is 9237a95 - -2?
9237a97
In base 4, what is 133330202 - 2131?
133322011
In base 7, what is 154202640 + 102?
154203042
In base 16, what is -38 - e8ed5?
-e8f0d
In base 9, what is -10455485 - -6?
-10455478
In base 10, what is -14326190 + -8?
-14326198
In base 13, what is 307c1b8 + 3?
307c1bb
In base 15, what is 86d + 698?
1016
In base 12, what is 3aa + 38476?
38864
In base 12, what is -3a2534 - -783?
-3a1971
In base 14, what is -27 - 32746d?
-327496
In base 6, what is -45 - -11015200?
11015111
In base 8, what is -3031606 - -44?
-3031542
In base 15, what is 6d7101 + 8c?
6d718d
In base 9, what is -25 + 118751?
118725
In base 12, what is 1224 + b910?
10b34
In base 3, what is 2211 - -10122200112?
10122210100
In base 3, what is -121102222 - 1101010120?
-1222120112
In base 8, what is 4 + 6304653?
6304657
In base 11, what 